.
-11
Let y(f) = -f**3 + 25*f**2 - 23*f - 137. Determine y(24).
-113
Let f(y) = 3*y**2 - 39*y + 130. Give f(3).
40
Let b(h) = 126*h**2 - 2. Give b(1).
124
Let b(k) = 112*k - 1899. Calculate b(17).
5
Let s(j) = -20*j + 5. Determine s(37).
-735
Let y(v) = 8*v**2 + v - 15. Calculate y(0).
-15
Let l(u) = 3*u**2 + 12*u - 5. Determine l(6).
175
Let l(u) = -22*u - 180. What is l(-14)?
128
Let p(s) = -17*s + 439. Calculate p(24).
31
Let f(a) = -27*a**2 - 10. What is f(2)?
-118
Let o(s) = -2*s**2 + 88*s - 918. What is o(27)?
0
Let k(y) = -y**3 + 82*y**2 + 816*y + 262. Calculate k(91).
-11
Let w(y) = -237*y - 2372. Give w(-10).
-2
Let m(l) = -l**3 - 48*l**2 - 3*l - 149. What is m(-48)?
-5
Let o(v) = 102*v + 390. Determine o(-7).
-324
Let h(d) = d**3 - 54*d**2 + 6*d + 7505. Determine h(51).
8
Let h(i) = -i**2 + 27*i + 13. Determine h(3).
85
Let j(h) = -2*h**2 - 180*h - 306. Determine j(-88).
46
Let d(p) = -51*p**2 + 19*p + 20. What is d(-1)?
-50
Let b(m) = -m**2 + 353*m - 28993. Determine b(223).
-3
Let s(v) = 167*v - 8194. Determine s(49).
-11
Let k(o) = o**3 - 34*o**2 - 127*o + 583. Give k(37).
-9
Let s(t) = t**2 + 86*t - 14531. What is s(-171)?
4
Let g(s) = 174*s + 589. Calculate g(-5).
-281
Let d(q) = 3*q**3 + 26*q**2 + 12*q - 38. Give d(-8).
-6
Let l(f) = -f**3 + 32*f**2 - 108*f - 137. Determine l(28).
-25
Let q(m) = -m**2 - 50*m - 931. Give q(-35).
-406
Let g(z) = 33*z**2 + 409*z + 5. Calculate g(-12).
-151
Let j(m) = 1200*m + 43. Calculate j(0).
43
Let w(f) = -3*f**2 - 95*f - 175. Determine w(-23).
423
Let c(b) = -2*b**2 + 97*b - 225. What is c(46)?
5
Let a(z) = z**2 - 1986*z + 25669. What is a(13)?
20
Let t(m) = -m**3 + 35*m**2 - 24*m + 70. Calculate t(35).
-770
Let g(w) = -w**3 + 30*w**2 - 143*w - 7. Give g(6).
-1
Let x(p) = p**3 + 11*p**2 - 5*p - 69. Give x(-10).
81
Let a(c) = 170*c + 2513. Calculate a(-15).
-37
Let x(o) = -264*o + 3695. Determine x(14).
-1
Let m(g) = -g**2 + 31*g - 122. What is m(22)?
76
Let o(z) = -16096*z + 48303. Give o(3).
15
Let v(u) = u**3 + 10*u**2 - 5*u + 28. Determine v(-11).
-38
Let w(c) = -1625*c + 9739. Give w(6).
-11
Let v(z) = 19*z**2 - 16*z - 76. What is v(-4)?
292
Let f(d) = 373*d - 778. Give f(2).
-32
Let c(h) = -h**2 + 41*h + 413. What is c(47)?
131
Let f(k) = 3*k**2 - 62*k - 35. Determine f(23).
126
Let m(n) = -n**3 + 6*n**2 + 120*n - 915. What is m(8)?
-83
Let s(m) = -m**3 - 24*m**2 - 58*m + 64. Give s(-21).
-41
Let u(k) = -64*k + 604. Determine u(20).
-676
Let g(a) = 3*a - 57. Determine g(-14).
-99
Let r(n) = -9*n**2 - 1498*n + 8603. What is r(-172)?
3
Let n(w) = -2226*w - 24492. Determine n(-11).
-6
Let s(j) = j**2 + 84*j + 1254. Give s(-52).
-410
Let h(c) = 57*c - 681. What is h(12)?
3
Let j(l) = -2*l**3 + 24*l**2 - l + 12. Calculate j(12).
0
Let x(g) = -g**3 + 35*g**2 - 231*g - 24. Give x(9).
3
Let d(b) = b**2 - 45*b + 204. What is d(40)?
4
Let a(y) = 2*y**3 + 113*y**2 - 59*y - 160. Determine a(-57).
-46
Let b(s) = 2*s**2 - 25*s - 35. Determine b(14).
7
Let x(l) = -l**2 + 43*l + 253. Give x(-7).
-97
Let h(i) = 5650*i - 3. Calculate h(0).
-3
Let l(i) = 618*i + 3714. Calculate l(-6).
6
Let r(s) = 420*s - 1. Determine r(1).
419
Let t(c) = 19*c**2 + 122*c + 49. What is t(-6)?
1
Let v(w) = 5*w**2 + 98*w + 449. Calculate v(-8).
-15
Let l(v) = -v**3 + 2*v**2 - 39*v + 90. Calculate l(2).
12
Let h(y) = 3*y**3 - 70*y**2 - 133*y + 135. Determine h(25).
-65
Let m(g) = g**3 - 2*g**2 - 4*g - 3. Give m(7).
214
Let r(p) = 21*p - 3663. Calculate r(174).
-9
Let p(j) = j**3 - 46*j**2 + 173*j - 315. What is p(42)?
-105
Let n(m) = -10*m + 19. Give n(-5).
69
Let w(u) = -49*u + 184. Calculate w(4).
-12
Let m(y) = 12*y**2 + 41*y + 42. What is m(-1)?
13
Let p(b) = -418*b - 8017. Give p(-19).
-75
Let m(q) = -6*q**2 - 150*q + 9. Calculate m(-25).
9
Let v(h) = -13*h - 392. Give v(-26).
-54
Let x(i) = -2*i**3 + 138*i**2 - 520*i. Determine x(65).
0
Let m(i) = 25*i**2 - 2122*i - 281. Calculate m(85).
-26
Let k(z) = -30*z**2 - 65*z + 127. Calculate k(2).
-123
Let g(q) = 7*q**3 + 83*q**2 - 8*q + 22. Determine g(-12).
-26
Let r(h) = -h**3 + 11*h**2 - 32*h - 12. Determine r(3).
-36
Let t(p) = p**3 + 26*p**2 - 31*p - 141. Give t(-27).
-33
Let y(r) = -14704*r - 88220. Give y(-6).
4
Let s(d) = -d**3 - 2*d**2 + 22*d - 89. Calculate s(-7).
2
Let g(b) = b**3 - 6*b**2 + 7*b - 12. Calculate g(5).
-2
Let m(u) = 50*u + 1767. Determine m(-35).
17
Let i(q) = -60*q - 2950. What is i(-49)?
-10
Let v(w) = -w**3 + 60*w**2 - 504*w + 32. Determine v(10).
-8
Let s(d) = -7*d**2 - 63*d - 52. Calculate s(-8).
4
Let t(x) = 2*x**2 + x + 52. Give t(0).
52
Let y(d) = 10*d + 422. Calculate y(-19).
232
Let q(a) = 24*a**3 - 2*a**2 - 2*a + 3. Give q(1).
23
Let b(c) = -c**2 + 38*c + 114. Determine b(41).
-9
Let c(v) = v**3 - 5*v**2 - 41*v + 143. Give c(3).
2
Let v(k) = -17*k - 642. Calculate v(-54).
276
Let z(o) = 112*o + 1130. Give z(-10).
10
Let d(a) = 19*a + 59. Give d(7).
192
Let t(x) = -5*x**3 - 275*x**2 + 280*x + 4. What is t(-56)?
4
Let v(k) = -2*k**2 + 214*k + 26282. Determine v(-73).
2
Let o(p) = p**3 + 69*p**2 - 451*p - 74. Determine o(-75).
1
Let w(b) = -30*b + 167. Determine w(7).
-43
Let u(v) = v**3 - 10*v**2 - 42*v + 337. Determine u(5).
2
Let v(w) = 2*w**2 + 36*w + 3. Determine v(-11).
-151
Let u(i) = -8*i + 345. Determine u(4).
313
Let w(h) = 520*h - 4151. What is w(8)?
9
Let j(p) = 2*p**3 + 4*p**2 - 83*p - 296. Give j(7).
5
Let s(j) = -5*j**3 - 31*j**2 - 23*j - 104. Determine s(-6).
-2
Let q(p) = 34*p - 877. Give q(27).
41
Let o(c) = -c**2 + 172*c + 1744. Give o(-10).
-76
Let z(y) = 6*y**2 - 50*y + 46. What is z(7)?
-10
Let w(f) = f**3 - 14*f**2 + 116*f - 1641. Give w(14).
-17
Let m(x) = -x**3 - 46*x**2 - 110*x - 979. Calculate m(-44).
-11
Let z(x) = 10*x + 381. What is z(34)?
721
Let n(m) = 1901*m - 28522. Calculate n(15).
-7
Let h(z) = -295*z + 2025. Determine h(7).
-40
Let j(b) = -3*b**3 - 6*b**2 - 51*b - 175. What is j(-3)?
5
Let u(y) = 2*y**2 - 135*y - 592. What is u(72)?
56
Let p(d) = d**2 + 2605*d - 34027. Give p(13).
7
Let f(x) = -x**3 + 11*x**2 - 1133*x + 5518. Determine f(5).
3
Let n(u) = u**3 - 20*u**2 + 53*u. Give n(13).
-494
Let b(p) = -p**3 + 8*p**2 + 52*p + 13. What is b(-4)?
-3
Let d(q) = 63*q - 383. Determine d(9).
184
Let y(d) = d**3 - 2*d**2 + 61*d - 186. Determine y(3).
6
Let l(c) = 8*c - 167. What is l(12)?
-71
Let j(m) = -m**2 + 802*m - 28308. What is j(37)?
-3
Let b(s) = -22*s**2 - 116*s + 22. Calculate b(-5).
52
Let w(o) = 714*o - 4302. What is w(6)?
-18
Let q(b) = b**3 + 59*b**2 - 5*b - 304. What is q(-59)?
-9
Let h(a) = 9*a**3 + 53*a**2 + a + 27. Determine h(-6).
-15
Let a(v) = -2*v**3 + 30*v**2 + 78*v + 5. Calculate a(17).
175
Let u(o) = -6*o**2 + 191*o + 1393. Determine u(38).
-13
Let q(m) = 70*m - 499. What is q(8)?
61
Let x(d) = 18*d**2 + 96*d + 10. Determine x(-5).
-20
Let c(x) = -265*x - 222. Give c(-1).
43
Let b(z) = 421*z + 6735. Give b(-16).
-1
Let q(j) = j**3 - 37*j**2 - 91*j + 453. Calculate q(39).
-54
Let w(x) = -2*x**2 - 6*x - 2. Give w(-5).
-22
Let a(d) = 1438*d - 41699. Give a(29).
3
Let o(v) = 241*v + 728. Determine o(-5).
-477
Let u(c) = -275*c - 280. Give u(-1).
-5
Let h(l) = l - 165. Calculate h(27).
-138
Let b(s) = -49*s + 639. What is b(9)?
198
Let c(r) = 118*r - 10881. Give c(92).
-25
Let v(h) = -32*h + 754. Give v(22).
50
Let k(l) = 4*l**2 - 214*l - 33. Calculate k(53).
-139
Let h(j) = -3*j**2 - 24*j + 202. Determine h(7).
-113
Let u(y) = 9*y + 480. Calculate u(-56).
-24
Let z(y) = -13*y**2 - y + 46. Calculate z(2).
-8
Let t(i) = 9*i**2 + 77*i - 34. Calculate t(-9).
2
Let z(g) = -183*g + 1357. What is z(4)?
625
Let b(d) = -8*d - 27. What is b(-2)?
-11
Let z(g) = -11*g**2 + 19*g - 41. Calculate z(2).
-47
Let c(r) = -r**2 + 1052. Calculate c(-33).
-37
Let m(g) = -33*g + 292. Give m(8).
28
Let y(f) = 4*f**2 - 48*f + 266. What is y(7)?
126
Let v(z) = -371*z + 2115. What is v(6)?
-111
Let w(l) = 404*l + 3224. What is w(-8)?
-8
Let i(n) = -31*n - 128. What is i(-11)?
213
Let q(h) = 6809*h + 34057. What is q(-5)?
12
Let c(y) = -y - 118. Determine c(-24).
-94
Let g(i) = i**2 + 215*i + 10080. Give g(-69).
6
Let r(h) = -h**2 - 17*h - 51. Give r(-5).
9
Let k(t) = -403*t - 4964. Give k(-12).
-128
Let p(x) = 1048*x - 18860. Determine p(18).
4
Let z(n) = n**3 - 11*n**2 + 110*n - 983. Calculate z(10).
17
Let i(a)